{"id":2,"date":"2018-02-28T15:06:16","date_gmt":"2018-02-28T15:06:16","guid":{"rendered":"https:\/\/onlines.dk\/nf176\/?page_id=2"},"modified":"2019-11-02T17:16:39","modified_gmt":"2019-11-02T16:16:39","slug":"home","status":"publish","type":"page","link":"https:\/\/onlines.dk\/nf176\/","title":{"rendered":"75 Ungdomsboliger"},"content":{"rendered":"\n  <div class=\"banner has-hover is-full-height has-parallax\" id=\"banner-1998948555\">\n          <div class=\"banner-inner fill\">\n        <div class=\"banner-bg fill\" data-parallax=\"-4\" data-parallax-container=\".banner\" data-parallax-background>\n            <img loading=\"lazy\" decoding=\"async\" width=\"1020\" height=\"729\" src=\"https:\/\/onlines.dk\/nf176\/wp-content\/uploads\/2018\/08\/terrasse_upd_1-1024x732.jpg\" class=\"bg attachment-large size-large\" alt=\"\" \/>                                    \n                    <\/div>\n\t\t\n        <div class=\"banner-layers container\">\n            <div class=\"fill banner-link\"><\/div>            \n   <div id=\"text-box-2979512\" class=\"text-box banner-layer x50 md-x50 lg-x50 y70 md-y70 lg-y70 res-text\">\n                     <div data-animate=\"fadeInUp\">           <div class=\"text-box-content text dark\">\n              \n              <div class=\"text-inner text-center\">\n                  \n<h2 class=\"uppercase\"><strong>UNGDOMSBOLIGER\u00a0p\u00e5 Frederiksberg<\/strong><\/h2>\n              <\/div>\n           <\/div>\n       <\/div>                     \n<style>\n#text-box-2979512 {\n  width: 100%;\n}\n#text-box-2979512 .text-box-content {\n  font-size: 95%;\n}\n@media (min-width:550px) {\n  #text-box-2979512 {\n    width: 97%;\n  }\n  #text-box-2979512 .text-box-content {\n    font-size: 100%;\n  }\n}\n<\/style>\n    <\/div>\n \n   <div id=\"text-box-295048357\" class=\"text-box banner-layer text-box-circle x5 md-x5 lg-x5 y5 md-y5 lg-y5 res-text\">\n                     <div data-animate=\"fadeInLeft\">           <div class=\"text-box-content text dark\">\n              \n              <div class=\"text-inner text-center\">\n                  \n<h3><b>Alt udlejet<\/b><\/h3>\n              <\/div>\n           <\/div>\n       <\/div>                     \n<style>\n#text-box-295048357 .text-box-content {\n  background-color: rgb(172, 0, 0);\n  font-size: 95%;\n  transform: rotate(-19deg);\n}\n#text-box-295048357 {\n  width: 43%;\n}\n@media (min-width:550px) {\n  #text-box-295048357 {\n    width: 23%;\n  }\n  #text-box-295048357 .text-box-content {\n    font-size: 100%;\n  }\n}\n@media (min-width:850px) {\n  #text-box-295048357 {\n    width: 17%;\n  }\n}\n<\/style>\n    <\/div>\n \n   <div id=\"text-box-1790450597\" class=\"text-box banner-layer x50 md-x50 lg-x50 y80 md-y80 lg-y80 res-text\">\n                     <div data-animate=\"fadeInUp\">           <div class=\"text-box-content text dark\">\n              \n              <div class=\"text-inner text-center\">\n                  \n<a class=\"button primary\" style=\"border-radius:20px;\">\n\t\t<span>Indflytning den 15. August 2019<\/span>\n\t<\/a>\n\n              <\/div>\n           <\/div>\n       <\/div>                     \n<style>\n#text-box-1790450597 .text-inner {\n  padding: 15px 15px 15px 15px;\n}\n#text-box-1790450597 {\n  width: 93%;\n}\n#text-box-1790450597 .text-box-content {\n  font-size: 100%;\n}\n@media (min-width:550px) {\n  #text-box-1790450597 {\n    width: 59%;\n  }\n}\n<\/style>\n    <\/div>\n \n   <div id=\"text-box-1101877978\" class=\"text-box banner-layer x50 md-x50 lg-x50 y100 md-y90 lg-y90 res-text\">\n                     <div data-animate=\"none\">           <div class=\"text-box-content text dark\">\n              \n              <div class=\"text-inner text-center\">\n                  \n<a data-animate=\"fadeInRight\" href=\"https:\/\/onlines.dk\/nf176\/boligoversigt\/\" class=\"button primary\" style=\"border-radius:20px;\">\n\t\t<span>Boligoversigt<\/span>\n\t<\/a>\n\n<a data-animate=\"fadeInDown\" href=\"https:\/\/onlines.dk\/nf176\/boliger\/\" class=\"button primary\" style=\"border-radius:20px;\">\n\t\t<span>Find Bolig<\/span>\n\t<\/a>\n\n              <\/div>\n           <\/div>\n       <\/div>                     \n<style>\n#text-box-1101877978 .text-inner {\n  padding: 15px 15px 15px 15px;\n}\n#text-box-1101877978 {\n  width: 59%;\n}\n#text-box-1101877978 .text-box-content {\n  font-size: 100%;\n}\n<\/style>\n    <\/div>\n \n        <\/div>\n      <\/div>\n\n            \n<style>\n#banner-1998948555 {\n  padding-top: 150%;\n}\n#banner-1998948555 .banner-bg img {\n  object-position: 47% 24%;\n}\n@media (min-width:550px) {\n  #banner-1998948555 {\n    padding-top: 100%;\n  }\n}\n<\/style>\n  <\/div>\n\n\n<div class=\"row\"  id=\"row-1710614835\">\n\n\t<div id=\"col-941498601\" class=\"col small-12 large-12\"  >\n\t\t\t\t<div class=\"col-inner\"  >\n\t\t\t\n\t\t\t\n<h2 style=\"text-align: center;\"><b class=\"\">KAN DU SE DIG SELV SOM EN DEL AF ET F\u00c6LLESSKAB I ET STUDIEAKTIVT MILJ\u00d8?<\/b><\/h2>\n<h4 style=\"text-align: center;\"><b class=\"\"><span class=\"\">&#8211;<\/span><span class=\"\"> \u00a0<\/span><span class=\"\">s\u00e5 er en af de 75 nye ungdomsboliger p\u00e5 Frederiksberg m\u00e5ske noget for dig!<\/span><\/b><\/h4>\n\t<div id=\"gap-704311952\" class=\"gap-element clearfix\" style=\"display:block; height:auto;\">\n\t\t\n<style>\n#gap-704311952 {\n  padding-top: 63px;\n}\n<\/style>\n\t<\/div>\n\t\n<div class=\"social-icons share-icons share-row relative full-width text-center\" ><a href=\"whatsapp:\/\/send?text=75%20Ungdomsboliger - https:\/\/onlines.dk\/nf176\/\" data-action=\"share\/whatsapp\/share\" class=\"icon button circle is-outline tooltip whatsapp show-for-medium\" title=\"Del p\u00e5 WhatsApp\" aria-label=\"Del p\u00e5 WhatsApp\"><i class=\"icon-whatsapp\" aria-hidden=\"true\"><\/i><\/a><a href=\"https:\/\/www.facebook.com\/sharer.php?u=https:\/\/onlines.dk\/nf176\/\" data-label=\"Facebook\" onclick=\"window.open(this.href,this.title,'width=500,height=500,top=300px,left=300px'); return false;\" target=\"_blank\" class=\"icon button circle is-outline tooltip facebook\" title=\"Del p\u00e5 Facebook\" aria-label=\"Del p\u00e5 Facebook\" rel=\"noopener nofollow\"><i class=\"icon-facebook\" aria-hidden=\"true\"><\/i><\/a><a href=\"https:\/\/twitter.com\/share?url=https:\/\/onlines.dk\/nf176\/\" onclick=\"window.open(this.href,this.title,'width=500,height=500,top=300px,left=300px'); return false;\" target=\"_blank\" class=\"icon button circle is-outline tooltip twitter\" title=\"Del p\u00e5 Twitter\" aria-label=\"Del p\u00e5 Twitter\" rel=\"noopener nofollow\"><i class=\"icon-twitter\" aria-hidden=\"true\"><\/i><\/a><a href=\"mailto:?subject=75%20Ungdomsboliger&body=Tjek%20dette%20ud%3A%20https%3A%2F%2Fonlines.dk%2Fnf176%2F\" class=\"icon button circle is-outline tooltip email\" title=\"E-mail en ven\" aria-label=\"E-mail en ven\" rel=\"nofollow\"><i class=\"icon-envelop\" aria-hidden=\"true\"><\/i><\/a><a href=\"https:\/\/pinterest.com\/pin\/create\/button?url=https:\/\/onlines.dk\/nf176\/&media=https:\/\/onlines.dk\/nf176\/wp-content\/uploads\/2018\/08\/terrasse_upd_1-1024x732.jpg&description=75%20Ungdomsboliger\" onclick=\"window.open(this.href,this.title,'width=500,height=500,top=300px,left=300px'); return false;\" target=\"_blank\" class=\"icon button circle is-outline tooltip pinterest\" title=\"Pin p\u00e5 Pinterest\" aria-label=\"Pin p\u00e5 Pinterest\" rel=\"noopener nofollow\"><i class=\"icon-pinterest\" aria-hidden=\"true\"><\/i><\/a><a href=\"https:\/\/www.linkedin.com\/shareArticle?mini=true&url=https:\/\/onlines.dk\/nf176\/&title=75%20Ungdomsboliger\" onclick=\"window.open(this.href,this.title,'width=500,height=500,top=300px,left=300px'); return false;\" target=\"_blank\" class=\"icon button circle is-outline tooltip linkedin\" title=\"Del p\u00e5 Linkedin\" aria-label=\"Del p\u00e5 Linkedin\" rel=\"noopener nofollow\"><i class=\"icon-linkedin\" aria-hidden=\"true\"><\/i><\/a><a href=\"https:\/\/tumblr.com\/widgets\/share\/tool?canonicalUrl=https:\/\/onlines.dk\/nf176\/\" target=\"_blank\" class=\"icon button circle is-outline tooltip tumblr\" onclick=\"window.open(this.href,this.title,'width=500,height=500,top=300px,left=300px'); return false;\" title=\"Del p\u00e5 Tumblr\" aria-label=\"Del p\u00e5 Tumblr\" rel=\"noopener nofollow\"><i class=\"icon-tumblr\" aria-hidden=\"true\"><\/i><\/a><\/div>\n\t\t<\/div>\n\t\t\t\t\t<\/div>\n\n\t\n<\/div>\n","protected":false},"excerpt":{"rendered":"","protected":false},"author":4,"featured_media":2381,"parent":0,"menu_order":0,"comment_status":"closed","ping_status":"closed","template":"page-blank.php","meta":{"footnotes":""},"class_list":["post-2","page","type-page","status-publish","has-post-thumbnail","hentry"],"yoast_head":"<!-- This site is optimized with the Yoast SEO plugin v27.4 - https:\/\/yoast.com\/product\/yoast-seo-wordpress\/ -->\n<title>75 Ungdomsboliger - Nordre Fasanvej 176<\/title>\n<meta name=\"robots\" content=\"index, follow, max-snippet:-1, max-image-preview:large, max-video-preview:-1\" \/>\n<link rel=\"canonical\" href=\"https:\/\/onlines.dk\/nf176\/\" \/>\n<meta property=\"og:locale\" content=\"da_DK\" \/>\n<meta property=\"og:type\" content=\"article\" \/>\n<meta property=\"og:title\" content=\"75 Ungdomsboliger - Nordre Fasanvej 176\" \/>\n<meta property=\"og:url\" content=\"https:\/\/onlines.dk\/nf176\/\" \/>\n<meta property=\"og:site_name\" content=\"Nordre Fasanvej 176\" \/>\n<meta property=\"article:modified_time\" content=\"2019-11-02T16:16:39+00:00\" \/>\n<meta property=\"og:image\" content=\"https:\/\/onlines.dk\/nf176\/wp-content\/uploads\/2018\/08\/terrasse_upd_1-1024x732.jpg\" \/>\n\t<meta property=\"og:image:width\" content=\"1024\" \/>\n\t<meta property=\"og:image:height\" content=\"732\" \/>\n\t<meta property=\"og:image:type\" content=\"image\/jpeg\" \/>\n<meta name=\"twitter:card\" content=\"summary_large_image\" \/>\n<meta name=\"twitter:label1\" content=\"Estimeret l\u00e6setid\" \/>\n\t<meta name=\"twitter:data1\" content=\"1 minut\" \/>\n<script type=\"application\/ld+json\" class=\"yoast-schema-graph\">{\"@context\":\"https:\\\/\\\/schema.org\",\"@graph\":[{\"@type\":\"WebPage\",\"@id\":\"https:\\\/\\\/onlines.dk\\\/nf176\\\/\",\"url\":\"https:\\\/\\\/onlines.dk\\\/nf176\\\/\",\"name\":\"75 Ungdomsboliger - Nordre Fasanvej 176\",\"isPartOf\":{\"@id\":\"https:\\\/\\\/onlines.dk\\\/nf176\\\/#website\"},\"primaryImageOfPage\":{\"@id\":\"https:\\\/\\\/onlines.dk\\\/nf176\\\/#primaryimage\"},\"image\":{\"@id\":\"https:\\\/\\\/onlines.dk\\\/nf176\\\/#primaryimage\"},\"thumbnailUrl\":\"https:\\\/\\\/onlines.dk\\\/nf176\\\/wp-content\\\/uploads\\\/2018\\\/08\\\/terrasse_upd_1.jpg\",\"datePublished\":\"2018-02-28T15:06:16+00:00\",\"dateModified\":\"2019-11-02T16:16:39+00:00\",\"breadcrumb\":{\"@id\":\"https:\\\/\\\/onlines.dk\\\/nf176\\\/#breadcrumb\"},\"inLanguage\":\"da-DK\",\"potentialAction\":[{\"@type\":\"ReadAction\",\"target\":[\"https:\\\/\\\/onlines.dk\\\/nf176\\\/\"]}]},{\"@type\":\"ImageObject\",\"inLanguage\":\"da-DK\",\"@id\":\"https:\\\/\\\/onlines.dk\\\/nf176\\\/#primaryimage\",\"url\":\"https:\\\/\\\/onlines.dk\\\/nf176\\\/wp-content\\\/uploads\\\/2018\\\/08\\\/terrasse_upd_1.jpg\",\"contentUrl\":\"https:\\\/\\\/onlines.dk\\\/nf176\\\/wp-content\\\/uploads\\\/2018\\\/08\\\/terrasse_upd_1.jpg\",\"width\":5000,\"height\":3572},{\"@type\":\"BreadcrumbList\",\"@id\":\"https:\\\/\\\/onlines.dk\\\/nf176\\\/#breadcrumb\",\"itemListElement\":[{\"@type\":\"ListItem\",\"position\":1,\"name\":\"Hjem\",\"item\":\"https:\\\/\\\/onlines.dk\\\/nf176\\\/\"},{\"@type\":\"ListItem\",\"position\":2,\"name\":\"75 Ungdomsboliger\"}]},{\"@type\":\"WebSite\",\"@id\":\"https:\\\/\\\/onlines.dk\\\/nf176\\\/#website\",\"url\":\"https:\\\/\\\/onlines.dk\\\/nf176\\\/\",\"name\":\"Nordre Fasanvej 176\",\"description\":\"75 attraktive ungdomsboliger\",\"potentialAction\":[{\"@type\":\"SearchAction\",\"target\":{\"@type\":\"EntryPoint\",\"urlTemplate\":\"https:\\\/\\\/onlines.dk\\\/nf176\\\/?s={search_term_string}\"},\"query-input\":{\"@type\":\"PropertyValueSpecification\",\"valueRequired\":true,\"valueName\":\"search_term_string\"}}],\"inLanguage\":\"da-DK\"}]}<\/script>\n<!-- \/ Yoast SEO plugin. -->","yoast_head_json":{"title":"75 Ungdomsboliger - Nordre Fasanvej 176","robots":{"index":"index","follow":"follow","max-snippet":"max-snippet:-1","max-image-preview":"max-image-preview:large","max-video-preview":"max-video-preview:-1"},"canonical":"https:\/\/onlines.dk\/nf176\/","og_locale":"da_DK","og_type":"article","og_title":"75 Ungdomsboliger - Nordre Fasanvej 176","og_url":"https:\/\/onlines.dk\/nf176\/","og_site_name":"Nordre Fasanvej 176","article_modified_time":"2019-11-02T16:16:39+00:00","og_image":[{"width":1024,"height":732,"url":"https:\/\/onlines.dk\/nf176\/wp-content\/uploads\/2018\/08\/terrasse_upd_1-1024x732.jpg","type":"image\/jpeg"}],"twitter_card":"summary_large_image","twitter_misc":{"Estimeret l\u00e6setid":"1 minut"},"schema":{"@context":"https:\/\/schema.org","@graph":[{"@type":"WebPage","@id":"https:\/\/onlines.dk\/nf176\/","url":"https:\/\/onlines.dk\/nf176\/","name":"75 Ungdomsboliger - Nordre Fasanvej 176","isPartOf":{"@id":"https:\/\/onlines.dk\/nf176\/#website"},"primaryImageOfPage":{"@id":"https:\/\/onlines.dk\/nf176\/#primaryimage"},"image":{"@id":"https:\/\/onlines.dk\/nf176\/#primaryimage"},"thumbnailUrl":"https:\/\/onlines.dk\/nf176\/wp-content\/uploads\/2018\/08\/terrasse_upd_1.jpg","datePublished":"2018-02-28T15:06:16+00:00","dateModified":"2019-11-02T16:16:39+00:00","breadcrumb":{"@id":"https:\/\/onlines.dk\/nf176\/#breadcrumb"},"inLanguage":"da-DK","potentialAction":[{"@type":"ReadAction","target":["https:\/\/onlines.dk\/nf176\/"]}]},{"@type":"ImageObject","inLanguage":"da-DK","@id":"https:\/\/onlines.dk\/nf176\/#primaryimage","url":"https:\/\/onlines.dk\/nf176\/wp-content\/uploads\/2018\/08\/terrasse_upd_1.jpg","contentUrl":"https:\/\/onlines.dk\/nf176\/wp-content\/uploads\/2018\/08\/terrasse_upd_1.jpg","width":5000,"height":3572},{"@type":"BreadcrumbList","@id":"https:\/\/onlines.dk\/nf176\/#breadcrumb","itemListElement":[{"@type":"ListItem","position":1,"name":"Hjem","item":"https:\/\/onlines.dk\/nf176\/"},{"@type":"ListItem","position":2,"name":"75 Ungdomsboliger"}]},{"@type":"WebSite","@id":"https:\/\/onlines.dk\/nf176\/#website","url":"https:\/\/onlines.dk\/nf176\/","name":"Nordre Fasanvej 176","description":"75 attraktive ungdomsboliger","potentialAction":[{"@type":"SearchAction","target":{"@type":"EntryPoint","urlTemplate":"https:\/\/onlines.dk\/nf176\/?s={search_term_string}"},"query-input":{"@type":"PropertyValueSpecification","valueRequired":true,"valueName":"search_term_string"}}],"inLanguage":"da-DK"}]}},"_links":{"self":[{"href":"https:\/\/onlines.dk\/nf176\/wp-json\/wp\/v2\/pages\/2","targetHints":{"allow":["GET"]}}],"collection":[{"href":"https:\/\/onlines.dk\/nf176\/wp-json\/wp\/v2\/pages"}],"about":[{"href":"https:\/\/onlines.dk\/nf176\/wp-json\/wp\/v2\/types\/page"}],"author":[{"embeddable":true,"href":"https:\/\/onlines.dk\/nf176\/wp-json\/wp\/v2\/users\/4"}],"replies":[{"embeddable":true,"href":"https:\/\/onlines.dk\/nf176\/wp-json\/wp\/v2\/comments?post=2"}],"version-history":[{"count":3,"href":"https:\/\/onlines.dk\/nf176\/wp-json\/wp\/v2\/pages\/2\/revisions"}],"predecessor-version":[{"id":2928,"href":"https:\/\/onlines.dk\/nf176\/wp-json\/wp\/v2\/pages\/2\/revisions\/2928"}],"wp:featuredmedia":[{"embeddable":true,"href":"https:\/\/onlines.dk\/nf176\/wp-json\/wp\/v2\/media\/2381"}],"wp:attachment":[{"href":"https:\/\/onlines.dk\/nf176\/wp-json\/wp\/v2\/media?parent=2"}],"curies":[{"name":"wp","href":"https:\/\/api.w.org\/{rel}","templated":true}]}}