{"id":45,"date":"2017-03-31T06:59:16","date_gmt":"2017-03-31T06:59:16","guid":{"rendered":"https:\/\/nicesite.dk\/templates\/?page_id=45"},"modified":"2017-10-20T13:40:04","modified_gmt":"2017-10-20T13:40:04","slug":"vi-tilbyder","status":"publish","type":"page","link":"https:\/\/onlines.dk\/Karloff\/vi-tilbyder\/","title":{"rendered":"Vi tilbyder"},"content":{"rendered":"<div class=\"wpb-content-wrapper\"><p>[vc_row row_type=&#8221;row&#8221; use_row_as_full_screen_section=&#8221;no&#8221; type=&#8221;full_width&#8221; anchor=&#8221;begin&#8221; text_align=&#8221;left&#8221; css_animation=&#8221;&#8221;][vc_column width=&#8221;1\/3&#8243;]<span class=\"q_font_awsome_icon q_icon_shortcode normal q_font_awsome_icon_holder fa-4x pull-center \" style=\"color: #dd9933; \"><i class=\"fa fa-home\"><\/i><\/span>[vc_empty_space][vc_column_text]<\/p>\n<ul>\n<li>\n<h5>Enkel, m\u00e5lrettet, individuel hjemmeside \u2013 der styrker din virksomheds profil<\/h5>\n<\/li>\n<\/ul>\n<p>[\/vc_column_text][vc_empty_space][\/vc_column][vc_column width=&#8221;1\/3&#8243;]<span class=\"q_font_awsome_icon q_icon_shortcode normal q_font_awsome_icon_holder fa-4x pull-center \" style=\"color: #dd9933; \"><i class=\"fa fa-home\"><\/i><\/span>[vc_empty_space][vc_column_text]<\/p>\n<ul>\n<li>\n<h5>V\u00e6lg mellem 3 l\u00e6kre, responsive design \u2013 der fungerer p\u00e5 alle platforme<\/h5>\n<\/li>\n<\/ul>\n<p>[\/vc_column_text][vc_empty_space][\/vc_column][vc_column width=&#8221;1\/3&#8243;]<span class=\"q_font_awsome_icon q_icon_shortcode normal q_font_awsome_icon_holder fa-4x pull-center \" style=\"color: #dd9933; \"><i class=\"fa fa-home\"><\/i><\/span>[vc_empty_space][vc_column_text]<\/p>\n<ul>\n<li>\n<h5>Du kan selv vedligeholde let og hurtigt \u2013 instruktionsvideo medf\u00f8lger<\/h5>\n<\/li>\n<\/ul>\n<p>[\/vc_column_text][vc_empty_space][\/vc_column][\/vc_row][vc_row row_type=&#8221;row&#8221; use_row_as_full_screen_section=&#8221;no&#8221; type=&#8221;full_width&#8221; text_align=&#8221;left&#8221; css_animation=&#8221;&#8221;][vc_column][vc_separator type=&#8221;normal&#8221; border_style=&#8221;&#8221;][vc_empty_space][\/vc_column][\/vc_row][vc_row row_type=&#8221;row&#8221; use_row_as_full_screen_section=&#8221;no&#8221; type=&#8221;full_width&#8221; text_align=&#8221;left&#8221; css_animation=&#8221;&#8221;][vc_column width=&#8221;1\/3&#8243;][vc_column_text]<b>En hjemmeside efter dit behov<\/b><\/p>\n<ul>\n<li>Webshop &#8211; du har brug for en on-line butik.<\/li>\n<li>Selvst\u00e6ndig &#8211; hvem er du, og hvad tilbyder du.<\/li>\n<li>Kreativ &#8211; din hjemmeside inspirerer dine bes\u00f8gende.<\/li>\n<\/ul>\n<p><b><br \/>\nPrisen er fast: 22.900,00 kr.<\/b><strong>*<\/strong><\/p>\n<p><strong>For den f\u00e5r du:<\/strong><\/p>\n<ul>\n<li>Design og konstruktion af en responsiv hjemmeside, som er optimeret til Mac, pc, tablet, iPad og smartphone (android eller Apple).<\/li>\n<li>Bes\u00f8g af en journalist\/kommunikationsr\u00e5dgiver og web-designer\/it-programm\u00f8r, som r\u00e5dgiver dig ang\u00e5ende valg af l\u00f8sning og den rigtige m\u00e5de at profilere netop din virksomhed p\u00e5.<\/li>\n<li>Professionelle tekster og visuelt udtryk.<\/li>\n<\/ul>\n<p>[\/vc_column_text][\/vc_column][vc_column width=&#8221;1\/3&#8243;][vc_column_text]<\/p>\n<ul>\n<li>Redigering\/prioritering af tekster, udsagn, statements, slogans, citater etc..<\/li>\n<li>Registrering af dom\u00e6ne.<\/li>\n<li>Konfigurering af webhotel.<\/li>\n<li>It-programm\u00f8r v\u00e6lger i samarbejde med dig websidemodel i forhold til aftalt design.<\/li>\n<li>Journalist indg\u00e5r i udvikling af image og kommunikation og kvalitetssikrer alle tekster.<\/li>\n<li>Inkluderet i prisen er 1 korrektur-runde, hvor der kan foretages \u00e6ndringer og justeringer.<\/li>\n<li>Vores instruktionsvideo m.m., s\u00e5 du selv let kan administrere din ny hjemmeside.<\/li>\n<\/ul>\n<p>&nbsp;<\/p>\n<p><strong>Du skal levere inputs\/opl\u00e6g til:<\/strong><\/p>\n<ul>\n<li>Intro, portr\u00e6tter, pr\u00e6sentationer m.m.<\/li>\n<li>Produkt- el.\u00a0tekniske tekster.<\/li>\n<li>Samt illustrationer, fotos, produktfotos m.m.<\/li>\n<\/ul>\n<p>[\/vc_column_text][\/vc_column][vc_column width=&#8221;1\/3&#8243;][vc_column_text]<b>Skal vi levere fotos, er der to muligheder:<\/b><\/p>\n<ul>\n<li>Vi pr\u00e6senterer et udvalg af fotos, som du udv\u00e6lger ud fra, hvorefter vi indk\u00f8ber de valgte fotos i billeddatabaser. 625,00 kr. stk.<\/li>\n<li>Vi samarbejder med professionelle fotografer, som fotograferer dig\/din virksomhed\/dine ansatte m.m.. Fast pris aftales.<\/li>\n<\/ul>\n<p>&nbsp;<\/p>\n<p><b>Har du ikke tid eller lyst til at l\u00f8bende at vedligeholde og opdatere din hjemmeside:<\/b><\/p>\n<ul>\n<li>Brug os som web-redakt\u00f8r til\u00a0en fast, favorabel pris pr. m\u00e5ned.<\/li>\n<li>Beskrive din virksomhed, de produkter\/den service, du forhandler, evt. dine medarbejdere.<\/li>\n<li>Levere fotos og visse tekststykker efter n\u00e6rmere aftale.<\/li>\n<\/ul>\n<p>[\/vc_column_text][\/vc_column][\/vc_row][vc_row row_type=&#8221;row&#8221; use_row_as_full_screen_section=&#8221;no&#8221; type=&#8221;full_width&#8221; text_align=&#8221;left&#8221; css_animation=&#8221;&#8221;][vc_column][vc_empty_space][vc_column_text]<strong>*<\/strong> Pris ex. moms. St\u00f8rre hjemmesidel\u00f8sninger, kombinationer af webshop\/profilhjemmeside m.m. medf\u00f8rer et pristill\u00e6g.[\/vc_column_text][\/vc_column][\/vc_row][vc_row row_type=&#8221;row&#8221; use_row_as_full_screen_section=&#8221;no&#8221; type=&#8221;full_width&#8221; text_align=&#8221;left&#8221; css_animation=&#8221;&#8221;][vc_column][vc_empty_space][vc_empty_space][\/vc_column][\/vc_row][vc_row row_type=&#8221;row&#8221; use_row_as_full_screen_section=&#8221;no&#8221; type=&#8221;full_width&#8221; text_align=&#8221;left&#8221; css_animation=&#8221;&#8221;][vc_column][\/vc_column][\/vc_row][vc_row row_type=&#8221;row&#8221; use_row_as_full_screen_section=&#8221;no&#8221; type=&#8221;full_width&#8221; text_align=&#8221;left&#8221; css_animation=&#8221;&#8221;][vc_column][vc_empty_space][vc_empty_space][\/vc_column][\/vc_row]<\/p>\n<\/div>","protected":false},"excerpt":{"rendered":"<p>[vc_row row_type=&#8221;row&#8221; use_row_as_full_screen_section=&#8221;no&#8221; type=&#8221;full_width&#8221; anchor=&#8221;begin&#8221; text_align=&#8221;left&#8221; css_animation=&#8221;&#8221;][vc_column width=&#8221;1\/3&#8243;][vc_empty_space][vc_column_text] Enkel, m\u00e5lrettet, individuel hjemmeside \u2013 der styrker din virksomheds profil [\/vc_column_text][vc_empty_space][\/vc_column][vc_column width=&#8221;1\/3&#8243;][vc_empty_space][vc_column_text] V\u00e6lg mellem 3 l\u00e6kre, responsive design \u2013 der fungerer p\u00e5 alle platforme [\/vc_column_text][vc_empty_space][\/vc_column][vc_column width=&#8221;1\/3&#8243;][vc_empty_space][vc_column_text] Du kan selv vedligeholde let og hurtigt \u2013 instruktionsvideo medf\u00f8lger [\/vc_column_text][vc_empty_space][\/vc_column][\/vc_row][vc_row&#8230;<\/p>\n","protected":false},"author":1,"featured_media":0,"parent":0,"menu_order":0,"comment_status":"closed","ping_status":"closed","template":"","meta":{"footnotes":""},"class_list":["post-45","page","type-page","status-publish","hentry"],"_links":{"self":[{"href":"https:\/\/onlines.dk\/Karloff\/wp-json\/wp\/v2\/pages\/45","targetHints":{"allow":["GET"]}}],"collection":[{"href":"https:\/\/onlines.dk\/Karloff\/wp-json\/wp\/v2\/pages"}],"about":[{"href":"https:\/\/onlines.dk\/Karloff\/wp-json\/wp\/v2\/types\/page"}],"author":[{"embeddable":true,"href":"https:\/\/onlines.dk\/Karloff\/wp-json\/wp\/v2\/users\/1"}],"replies":[{"embeddable":true,"href":"https:\/\/onlines.dk\/Karloff\/wp-json\/wp\/v2\/comments?post=45"}],"version-history":[{"count":3,"href":"https:\/\/onlines.dk\/Karloff\/wp-json\/wp\/v2\/pages\/45\/revisions"}],"predecessor-version":[{"id":385,"href":"https:\/\/onlines.dk\/Karloff\/wp-json\/wp\/v2\/pages\/45\/revisions\/385"}],"wp:attachment":[{"href":"https:\/\/onlines.dk\/Karloff\/wp-json\/wp\/v2\/media?parent=45"}],"curies":[{"name":"wp","href":"https:\/\/api.w.org\/{rel}","templated":true}]}}