{"id":22,"date":"2017-03-30T21:42:21","date_gmt":"2017-03-30T21:42:21","guid":{"rendered":"https:\/\/nicesite.dk\/templates\/?page_id=22"},"modified":"2017-10-20T13:03:18","modified_gmt":"2017-10-20T13:03:18","slug":"responsiv","status":"publish","type":"page","link":"https:\/\/onlines.dk\/Karloff\/responsiv\/","title":{"rendered":"Responsiv"},"content":{"rendered":"<div class=\"wpb-content-wrapper\"><p>[vc_row row_type=&#8221;row&#8221; use_row_as_full_screen_section=&#8221;no&#8221; type=&#8221;full_width&#8221; anchor=&#8221;begin&#8221; text_align=&#8221;left&#8221; css_animation=&#8221;&#8221;][vc_column][vc_column_text]<\/p>\n<h5>Brugervenlig, let at administrere, responsivt design<\/h5>\n<p>[\/vc_column_text][\/vc_column][\/vc_row][vc_row row_type=&#8221;row&#8221; use_row_as_full_screen_section=&#8221;no&#8221; type=&#8221;full_width&#8221; text_align=&#8221;left&#8221; css_animation=&#8221;&#8221;][vc_column][vc_empty_space][\/vc_column][\/vc_row][vc_row row_type=&#8221;row&#8221; use_row_as_full_screen_section=&#8221;no&#8221; type=&#8221;full_width&#8221; text_align=&#8221;left&#8221; css_animation=&#8221;&#8221;][vc_column width=&#8221;1\/3&#8243;][vc_column_text]<b>Designet til alle platforme<\/b><\/p>\n<p>En hjemmeside i responsivt design er altafg\u00f8rende. Din hjemmeside skal fungere p\u00e5 computersk\u00e6rmen, men is\u00e6r p\u00e5 dine kunders\u00a0smartphone.<\/p>\n<p>Unders\u00f8gelser viser, at 66 % s\u00f8ger andre websites, hvis siden ikke virker p\u00e5 telefonen. Vores hjemmesider virker p\u00e5 alle computere, tablets, telefoner osv.[\/vc_column_text][\/vc_column][vc_column width=&#8221;1\/3&#8243;][vc_column_text]<b>Hvad er\u00a0responsivt design<\/b><\/p>\n<p>Responsivt design<b>\u00a0<\/b>er det tekniske\u00a0ord for en hjemmeside, der automatisk tilpasser sig den type sk\u00e6rm, du bruger. Det handler om brugervenlighed.<\/p>\n<p>Den hjemmeside, du sidder og kigger p\u00e5 netop nu, har automatisk \u00e6ndret og tilpasset sig og ved, om du ser den p\u00e5 din computer, telefon eller tablet.[\/vc_column_text][\/vc_column][vc_column width=&#8221;1\/3&#8243;][vc_column_text]<b>On-the-go<\/b><\/p>\n<p>Med et responsivt design har du mulighed for at tiltr\u00e6kke kunder, selv om de er p\u00e5 farten. Du giver dem en god oplevelse.<\/p>\n<p>En hurtigt reagerende, let overskuelig hjemmeside mindsker risikoen\u00a0for, at en potentiel kunde forlader dit website og s\u00f8ger mod konkurrenten.[\/vc_column_text][\/vc_column][\/vc_row][vc_row row_type=&#8221;row&#8221; use_row_as_full_screen_section=&#8221;no&#8221; type=&#8221;full_width&#8221; text_align=&#8221;left&#8221; css_animation=&#8221;&#8221;][vc_column][vc_empty_space][\/vc_column][\/vc_row][vc_row row_type=&#8221;row&#8221; use_row_as_full_screen_section=&#8221;no&#8221; type=&#8221;full_width&#8221; text_align=&#8221;left&#8221; css_animation=&#8221;&#8221;][vc_column][vc_single_image image=&#8221;324&#8243; img_size=&#8221;full&#8221; qode_css_animation=&#8221;&#8221;][\/vc_column][\/vc_row][vc_row row_type=&#8221;row&#8221; use_row_as_full_screen_section=&#8221;no&#8221; type=&#8221;full_width&#8221; text_align=&#8221;left&#8221; css_animation=&#8221;&#8221;][vc_column][vc_empty_space][vc_empty_space][\/vc_column][\/vc_row]<\/p>\n<\/div>","protected":false},"excerpt":{"rendered":"<p>[vc_row row_type=&#8221;row&#8221; use_row_as_full_screen_section=&#8221;no&#8221; type=&#8221;full_width&#8221; anchor=&#8221;begin&#8221; text_align=&#8221;left&#8221; css_animation=&#8221;&#8221;][vc_column][vc_column_text] Brugervenlig, let at administrere, responsivt design [\/vc_column_text][\/vc_column][\/vc_row][vc_row row_type=&#8221;row&#8221; use_row_as_full_screen_section=&#8221;no&#8221; type=&#8221;full_width&#8221; text_align=&#8221;left&#8221; css_animation=&#8221;&#8221;][vc_column][vc_empty_space][\/vc_column][\/vc_row][vc_row row_type=&#8221;row&#8221; use_row_as_full_screen_section=&#8221;no&#8221; type=&#8221;full_width&#8221; text_align=&#8221;left&#8221; css_animation=&#8221;&#8221;][vc_column width=&#8221;1\/3&#8243;][vc_column_text]Designet til alle platforme En hjemmeside i responsivt design er altafg\u00f8rende. Din hjemmeside skal fungere p\u00e5 computersk\u00e6rmen, men is\u00e6r p\u00e5 dine&#8230;<\/p>\n","protected":false},"author":1,"featured_media":0,"parent":0,"menu_order":0,"comment_status":"closed","ping_status":"closed","template":"","meta":{"footnotes":""},"class_list":["post-22","page","type-page","status-publish","hentry"],"_links":{"self":[{"href":"https:\/\/onlines.dk\/Karloff\/wp-json\/wp\/v2\/pages\/22","targetHints":{"allow":["GET"]}}],"collection":[{"href":"https:\/\/onlines.dk\/Karloff\/wp-json\/wp\/v2\/pages"}],"about":[{"href":"https:\/\/onlines.dk\/Karloff\/wp-json\/wp\/v2\/types\/page"}],"author":[{"embeddable":true,"href":"https:\/\/onlines.dk\/Karloff\/wp-json\/wp\/v2\/users\/1"}],"replies":[{"embeddable":true,"href":"https:\/\/onlines.dk\/Karloff\/wp-json\/wp\/v2\/comments?post=22"}],"version-history":[{"count":3,"href":"https:\/\/onlines.dk\/Karloff\/wp-json\/wp\/v2\/pages\/22\/revisions"}],"predecessor-version":[{"id":383,"href":"https:\/\/onlines.dk\/Karloff\/wp-json\/wp\/v2\/pages\/22\/revisions\/383"}],"wp:attachment":[{"href":"https:\/\/onlines.dk\/Karloff\/wp-json\/wp\/v2\/media?parent=22"}],"curies":[{"name":"wp","href":"https:\/\/api.w.org\/{rel}","templated":true}]}}